2.
1111100100010101111011
Convert -c1ab9c (base 13) to base 6.
-240342311
1231023302 (base 4) to base 8
1551362
What is -a5965d (base 14) in base 11?
-3182623
What is -101101000000110011111010 (base 2) in base 16?
-b40cfa
43231543 (base 6) to base 5
311421300
Convert 2177965 (base 10) to base 15.
2d04ca
Convert -131311034 (base 5) to base 13.
-19a292
What is -24601a (base 11) in base 14?
-a1905
What is 738321 (base 10) in base 8?
2642021
What is -111011111111100011111001 (base 2) in base 9?
-32530147
34345a1 (base 11) to base 4
112323000102
-24022043 (base 6) to base 16
-b6feb
What is -36772 (base 8) in base 15?
-4a7b
What is -1330908 (base 10) in base 3?
-2111121122220
Convert -882527 (base 10) to base 5.
-211220102
Convert 2010212000201 (base 3) to base 14.
218dad
What is -1463216 (base 13) in base 7?
-106111100
What is 240054401 (base 6) in base 9?
8387241
Convert 11110100101000000101 (base 2) to base 6.
33250501
Convert -42046314 (base 7) to base 5.
-1401310130
What is 53113250 (base 7) in base 9?
8404475
Convert -1c7631 (base 13) to base 12.
-2b2876
Convert 21253551 (base 6) to base 3.
1011222101211
Convert 1816 (base 16) to base 6.
44314
Convert 383c5 (base 15) to base 12.
8801b
-120211110322 (base 4) to base 14
-bda746
24e7 (base 15) to base 9
11711
What is -296a1 (base 14) in base 12?
-4b625
3d0d53 (base 15) to base 16
2cd975
What is 111323310 (base 5) in base 13?
14468c
What is 3124445 (base 7) in base 12?
161825
3040545 (base 8) to base 7
6553420
aff4 (base 16) to base 4
22333310
13133133 (base 4) to base 10
30687
Convert 11001000010110010 (base 2) to base 5.
11240303
Convert 30112031 (base 4) to base 8.
142615
-40733 (base 15) to base 13
-71baa
What is -6582831 (base 10) in base 8?
-31071057
What is 41314312 (base 6) in base 2?
100100011000001000100
What is -10000100100100110110011 (base 2) in base 10?
-4344243
Convert -10011001001101010100 (base 2) to base 4.
-2121031110
Convert -1b11d (base 14) to base 9.
-114360
Convert 2c95 (base 13) to base 11.
4a0a
287462 (base 13) to base 16
f1049
Convert -4aa29 (base 11) to base 12.
-3638b
Convert 10101000111001011101011 (base 2) to base 7.
65020255
What is -1100325 (base 12) in base 4?
-30111313031
-863a1a (base 15) to base 4
-120120111232
What is 2413024 (base 5) in base 11?
306a5
What is -4a3242 (base 13) in base 12?
-718971
What is 755b (base 15) in base 7?
132260
-2aa84a9 (base 12) to base 16
-847ac1
What is -11364ee (base 15) in base 2?
-101111000000100110110001
What is -1230141 (base 8) in base 11?
-212550
Convert 112150512 (base 6) to base 5.
1012123213
Convert -1164053 (base 8) to base 16.
-4e82b
What is 304171 (base 8) in base 10?
100473
1000001011010110001111 (base 2) to base 7
24135440
Convert 14344169 (base 10) to base 2.
110110101101111111101001
-26e9 (base 16) to base 10
-9961
What is -2998870 (base 11) in base 9?
-10587284
What is 159649 (base 11) in base 15?
4d2c9
What is d2b881 (base 15) in base 8?
46143013
-a90231 (base 14) to base 4
-111311210003
-88781 (base 14) to base 16
-50c0d
What is -5014240 (base 7) in base 13?
-1796a7
What is 349597 (base 14) in base 5?
424333240
Convert -401036 (base 9) to base 7.
-2004561
-57326 (base 11) to base 4
-110033201
What is -1523324 (base 7) in base 15?
-41805
Convert -169280 (base 12) to base 3.
-201202212020
What is 3010032211 (base 4) in base 15?
10d234
What is 2920980 (base 12) in base 14?
114c1c4
Convert -112533 (base 7) to base 16.
-4ec3
4fcb51 (base 16) to base 8
23745521
-16cc3b (base 14) to base 3
-1111211101221
Convert -237708 (base 10) to base 12.
-b5690
What is -7197b (base 12) in base 9?
-245345
What is 2102222200 (base 3) in base 7?
260151
What is -10222011120 (base 3) in base 8?
-230456
-57361 (base 10) to base 13
-20155
Convert 53244154 (base 7) to base 4.
101032120030
-419c57 (base 13) to base 10
-1535606
-2075717 (base 8) to base 3
-1001020122222
-22170535 (base 9) to base 16
-a3ca99
What is 718238 (base 15) in base 5?
2340100003
Convert 95a19 (base 15) to base 11.
2a4783
What is 20110103222 (base 4) in base 12?
891922
4210003 (base 8) to base 10
1118211
Convert -13516646 (base 7) to base 12.
-5102a8
Convert -8ac97c (base 13) to base 4.
-30201233212
What is 1676d (base 15) in base 14?
1c625
What is 218c3 (base 14) in base 16?
13da3
-52711 (base 11) to base 12
-3849a
Convert -cb5e (base 16) to base 12.
-26166
Convert 11420402 (base 5) to base 12.
5232a
4bc85 (base 13) to base 12
69404
What is -197076 (base 11) in base 2?
-1001001110010001100
202321222 (base 4) to base 7
1133530
What is -53011333 (base 7) in base 4?
-101010023221
Convert -25a49 (base 13) to base 9.
-115740
-3aa621 (base 11) to base 8
-2351046
-107327 (base 10) to base 2
-11010001100111111
343b28 (base 13) to base 10
1236607
7698 (base 16) to base 10
30360
35444 (base 13) to base 3
11221121102
-12673520 (base 8) to base 5
-1212123332
-1205017 (base 8) to base 12
-13b153
What is -13035202 (base 6) in base 2?
-1100111101111110010
-117431 (base 8) to base 11
-28667
4665351 (base 8) to base 6
43135241
What is -945408 (base 10) in base 15?
-13a1c3
-160a74 (base 11) to base 2
-111101000101001100
Convert 17577366 (base 8) to base 11.
236a894
What is b1b98 (base 13) in base 5?
40141402
-56722 (base 8) to base 14
-8a78
526175 (base 8) to base 11
10a71a
What is cb8c26 (base 14) in base 13?
157801c
What is -61666503 (base 7) in base 8?
-23576215
Convert -808f45 (base 16) to base 3.
-120212001022121
What is 435305331 (base 6) in base 3?
112201002122201
-2598064 (base 10) to base 12
-a53614
What is -11101334 (base 5) in base 7?
-553034
ecd83 (base 15) to base 2
10110111101010101010
545260 (base 7) to base 5
11023434
What is 25851 (base 11) in base 5?
2140321
Convert 21112212201 (base 3) to base 5.
14224002
Convert -100021202022120 (base 3) to base 16.
-4b4f89
What is 4412a3b (base 12) in base 8?
61352117
Convert -1020123213 (base 4) to base 13.
-a5066
What is 127508 (base 9) in base 16?
12f77
Convert 12300341 (base 5) to base 14.
31450
What is -3158a1b (base 12) in base 13?
-1c169c6
What is 3b162a (base 12) in base 15?
14482d
64231637 (base 8) to base 11
7814784
-10110000000101111 (base 2) to base 11
-61813
453868 (base 9) to base 6
5454442
110120 (base 12) to base 4
1001312220
What is -2453300 (base 6) in base 8?
-401104
18dbc (base 15) to base 16
13b57
Convert -170ae (base 15) to base 12.
-37092
What is -4303376 (base 9) in base 7?
-25411212
Convert -101011101101010010111 (base 2) to base 7.
-15113361
What is -10100221101 (base 3) in base 11?
-45899
Convert -432520501 (base 6) to base 11.
-4385052
-28495a (base 12) to base 6
-22222154
1013244314 (base 5) to base 8
7755043
What is -62d34 (base 15) in base 2?
-1001100100010000010
1203282 (base 13) to base 15
752420
Convert c584c (base 15) to base 3.
1011211001100
What is 116026 (base 13) in base 9?
688554
21221211110 (base 4) to base 3
11202111222122
What is 235a8 (base 12) in base 15?
e11e
What is -4102240 (base 7) in base 2?
-1110111001100010111
-140013041 (base 5) to base 15
-dd981
Convert 221b1b (base 12) to base 3.
1000120010112
What is a4c64c (base 16) in base 9?
22277880
What is -5416707 (base 8) in base 4?
-11201313013
-340121110 (base 6) to base 9
-12542516
What is -128c6a (base 14) in base 7?
-5301063
Convert -37378 (base 13) to base 16.
-18d24
What is -20800 (base 10) in base 2?
-101000101000000
What is -23664656 (base 7) in base 13?
-591773
Convert -11200021121100 (base 3) to base 16.
-25ed62
What is -13333302 (base 5) in base 11?
-93785
What is -2212042 (base 6) in base 4?
-123000122
What is 178a15 (base 12) in base 2?
1100011111010110001
1111110111101100110 (base 2) to base 3
222102100200
110507006 (base 8) to base 4
1020220320012
What is 10001011111000101 (base 2) in base 4?
101133011
Convert 31a531 (base 11) to base 10.
511743
Convert -127ce (base 15) to base 3.
-10000010112
What is 2111100121101 (base 3) in base 5?
314411024
What is -4017f (base 16) in base 5?
-31400102
Convert -1011000011110101111 (base 2) to base 15.
-725b0
6e40c (base 15) to base 9
585653
Convert 94742 (base 15) to base 11.
2a1766
56403 (base 11) to base 10
81678
What is 1340482 (base 9) in base 11?
462431
What is -656160 (base 8) in base 9?
-365136
What is 33235 (base 7) in base 14?
308c
-255131225 (base 6) to base 13
-10629